590741 a prime number?
True
Is 2554323931 a prime number?
False
Is 53595913027 composite?
False
Is 6991005029 composite?
False
Is 156433231 a composite number?
True
Is 953229835 prime?
False
Is 1590904267 prime?
False
Is 10765907557 a prime number?
True
Is 35776879 prime?
False
Is 985670057 prime?
True
Is 3276136271 a prime number?
False
Is 1236731653 a prime number?
True
Is 19590418105 a composite number?
True
Is 2575758191 a composite number?
False
Is 5815930241 prime?
False
Is 215577779 a prime number?
True
Is 5391649531 a composite number?
False
Is 1188879553 composite?
False
Is 199302881 prime?
True
Is 21816155489 composite?
False
Is 2691066367 a prime number?
False
Is 46649590243 composite?
False
Is 904086581 prime?
False
Is 62715712499 a prime number?
False
Is 53136587 a composite number?
True
Is 983797537 a prime number?
False
Is 2069446481 composite?
False
Is 14345623357 composite?
True
Is 2057389571 prime?
True
Is 3193797967 composite?
True
Is 17015611 composite?
False
Is 3280547359 a composite number?
False
Is 15106732843 prime?
True
Is 5647864127 prime?
True
Is 1287078531 a composite number?
True
Is 764462147 prime?
True
Is 8054510221 a composite number?
False
Is 23191002803 prime?
True
Is 5249135561 a prime number?
False
Is 4596909829 prime?
True
Is 261809953 prime?
True
Is 1193240689 composite?
True
Is 1927052821 composite?
True
Is 2814132151 prime?
True
Is 409186342 composite?
True
Is 122266779 composite?
True
Is 63525743761 a prime number?
False
Is 8178801055 prime?
False
Is 239546479 composite?
True
Is 2071225631 a composite number?
True
Is 53935585201 prime?
True
Is 47971894819 a prime number?
True
Is 255506213 a prime number?
True
Is 70371147991 a composite number?
False
Is 194374401983 a composite number?
True
Is 53394807919 composite?
False
Is 11570650285 a composite number?
True
Is 117169285789 prime?
True
Is 373515599 prime?
True
Is 1844953051 a prime number?
False
Is 1106121419 composite?
True
Is 1281069721 a composite number?
False
Is 9000618997 a composite number?
False
Is 1905579007 a prime number?
False
Is 6100390663 a prime number?
False
Is 6648819427 a prime number?
True
Is 2755268749 a prime number?
True
Is 7551335879 prime?
True
Is 372558283 a prime number?
True
Is 219256517429 a prime number?
True
Is 2190525869 prime?
False
Is 347085017 a composite number?
False
Is 2267838203 a composite number?
True
Is 51678173111 composite?
True
Is 3549248377 a composite number?
True
Is 8559871387 a prime number?
False
Is 1200271561 prime?
True
Is 6781965247 composite?
False
Is 1207295797 composite?
False
Is 14231104759 a prime number?
True
Is 1828388813 composite?
False
Is 23448712159 composite?
False
Is 74419757 a composite number?
False
Is 42623880443 a composite number?
False
Is 10555882951 prime?
True
Is 479205869 composite?
False
Is 77098157749 composite?
False
Is 38284264387 composite?
False
Is 4459062673 prime?
False
Is 2581210171 composite?
False
Is 2788577479 a prime number?
True
Is 4835512771 a prime number?
True
Is 1672251803 composite?
True
Is 54935994301 a composite number?
False
Is 22097655029 composite?
False
Is 1238207819 a prime number?
True
Is 2959892021 prime?
True
Is 6719849419 a prime number?
True
Is 115106377417 prime?
False
Is 9147807667 composite?
False
Is 24829577 a composite number?
False
Is 1078604791 composite?
True
Is 5296120421 a prime number?
False
Is 11923459999 prime?
False
Is 29482609129 composite?
True
Is 3333814997 prime?
True
Is 104128386367 a composite number?
False
Is 12631615867 composite?
True
Is 6745875371 prime?
True
Is 30200232431 prime?
False
Is 40809913 prime?
True
Is 77515127 composite?
True
Is 2222549093 a composite number?
False
Is 19629883411 composite?
True
Is 65501339 a prime number?
False
Is 165396823 a prime number?
False
Is 2881003241 prime?
False
Is 1165244387441 prime?
True
Is 5679293999 a prime number?
True
Is 9060843373 composite?
False
Is 9777823919 a prime number?
True
Is 3413914157 prime?
False
Is 753280817 composite?
True
Is 863574689 composite?
False
Is 20622938521 composite?
False
Is 3553885085 a prime number?
False
Is 1162874939 a prime number?
False
Is 2085893633 composite?
False
Is 1348569277 prime?
False
Is 37051897 prime?
True
Is 29653718793 a prime number?
False
Is 200554125865 a prime number?
False
Is 1416775933 composite?
True
Is 2350416919 a prime number?
False
Is 96279785167 prime?
True
Is 1966678349 a composite number?
False
Is 1768961101 a composite number?
True
Is 175376714473 composite?
False
Is 3731692649 composite?
True
Is 343552969 a composite number?
True
Is 838441531 a prime number?
False
Is 9895522577 a prime number?
False
Is 2689337779 prime?
False
Is 134736926081 a composite number?
False
Is 446510023 composite?
False
Is 14422958395 prime?
False
Is 815810323 a prime number?
True
Is 3094902863 a prime number?
False
Is 9154581547 a prime number?
False
Is 186751157 prime?
True
Is 2410177727 a prime number?
True
Is 72923359 composite?
False
Is 521599445 prime?
False
Is 2482718281 a prime number?
True
Is 78990506537 a prime number?
False
Is 16727708981 composite?
True
Is 2207904143 a composite number?
False
Is 10558989239 a prime number?
True
Is 30663691567 prime?
True
Is 7073922291 a prime number?
False
Is 21421075583 prime?
True
Is 8567513663 prime?
False
Is 937451243 composite?
False
Is 3595456003 a prime number?
True
Is 25026015479 prime?
False
Is 5010070679 a composite number?
True
Is 39032417 prime?
True
Is 3056214929 composite?
False
Is 11170179259 a composite number?
True
Is 95534701 composite?
True
Is 3383392763 a composite number?
False
Is 31825194589 a prime number?
True
Is 54538443803 a composite number?
True
Is 53675255909 a composite number?
True
Is 15296727617 a prime number?
False
Is 78116693 prime?
True
Is 317029061 a composite number?
True
Is 88543529 a prime number?
True
Is 8968418471 a prime number?
True
Is 229771134977 a prime number?
True
Is 13010803459 prime?
True
Is 584458599 composite?
True
Is 16966350689 composite?
False
Is 534585479 a prime number?
True
Is 32669535251 prime?
False
Is 273525313 prime?
True
Is 943096799 a prime number?
True
Is 45830442653 a prime number?
False
Is 8964218177 composite?
True
Is 473117278 prime?
False
Is 403485419 prime?
True
Is 76723098017 prime?
True
Is 6291476531 a prime number?
False
Is 1167847987 prime?
True
Is 16347483043 prime?
True
Is 20462372617 composite?
False
Is 1062386761 prime?
True
Is 18864326549 prime?
True
Is 7020022267 prime?
True
Is 2403838369 prime?
False
Is 647010913 prime?
True
Is 258250633 a prime number?
True
Is 31649980939 a prime number?
False
Is 15667049962 composite?
True
Is 83702648066 composite?
True
Is 32994725529 a prime number?
False
Is 1354551589 prime?
True
Is 303616763 a composite number?
False
Is 1266068887 composite?
False
Is 3017146037 prime?
True
Is 3382344421 composite?
True
Is 4034860649 a composite number?
False
Is 6071581597 a prime number?
True
Is 315588178 prime?
False
Is 1667726033 composite?
False
Is 467327369 a composite number?
False
Is 73199191187 a prime number?
False
Is 4089305537 prime?
False
Is 2792470634 prime?
False
Is 3884619623 a composite number?
False
Is 221515236127 prime?
True
Is 3670362427 composite?
False
Is 4838661229 a prime number?
True
Is 2679285871 composite?
False
Is 61634137 composite?
True
Is 135973407905 composite?
True
Is 199120891 a composite number?
True
Is 25120616489 prime?
True
Is 35435054417 a prime number?
False
Is 184998517 composite?
True
Is 586386649 prime?
False
Is 20134319207 composite?
True
Is 29947791869 a prime number?
True
Is 63854742949 composite?
True
Is 9199144463 prime?
True
Is 733070417 composite?
False
Is 200409660101 composite?
True
Is 5664433241 a prime number?
False
Is 44483029681 a prime number?
True
Is 4492458001 prime?
True
Is 3049483389 composite?
True
Is 693365941 a composite number?
True
Is 3530955923 composite?
True
Is 177329761 composite?
True
Is 5517376253 prime?
True
Is 51268739909 a prime number?
True
Is 10338722731 prime?
True
Is 79906001879 prime?
False
Is 1150570367 prime?
True
Is 88858125239 composite?
True
Is 725285903 a prime number?
True
Is 13859009971 prime?
True
Is 2405980799 prime?
False
Is 2096109467 a prime number?
False
Is 322703861 a prime number?
False
Is 23879